nder when 37 is divided by s.
1
Let o be (-1)/(2/(-8) - 0). Suppose -76 = o*k + 4. Let x = k + 51. Calculate the remainder when x is divided by 11.
9
Suppose -4*q + 434*o - 435*o + 19 = 0, -2*o = -3*q + 39. Let v be -1 + (-24 - (0 + 1)). Let w = v + 45. Calculate the remainder when w is divided by q.
5
Let g(u) = -2*u**2 + 22*u - 43. Calculate the remainder when 285 is divided by g(6).
13
Let b = 257 - 237. Calculate the remainder when b is divided by 11.
9
Suppose 2*l - 10 = -3*o, o = 4*l - 3*o. What is the remainder when 10 is divided by l?
0
Suppose -84*z + 294 = -8610. Suppose 3 = x - 24. Calculate the remainder when z is divided by x.
25
Suppose 4*h + 5 - 13 = 0. Suppose -4*u + 8*u = -h*z, 0 = -z - 4. Calculate the remainder when 45 is divided by -7 + 3 + 54/u.
22
Let h be -3 + 3 + -3 - -23. Suppose -h = -t - 0*t. Let d = -35 - -73. What is the remainder when d is divided by t?
18
Let d(k) = -k**3 - 58*k**2 - 113*k + 24. Calculate the remainder when 222 is divided by d(-56).
62
Suppose -100 = -m - f, -m + 3*f + 151 = 31. Calculate the remainder when 288 is divided by m.
78
Suppose -225*o + 230*o - 30 = 0. Calculate the remainder when 249 is divided by o.
3
Calculate the remainder when 85 is divided by 86/645 + 343*2/30.
16
Let z(f) = 4*f**2 - 62*f - 321. What is the remainder when z(-6) is divided by 33?
30
Let t = 21 + -67. Let u = 68 + t. What is the remainder when 40 is divided by u?
18
Let i(z) = -5*z**3 - 4*z**2 - 4*z + 3. What is the remainder when i(-2) is divided by 9?
8
Let u(a) = 54*a - 243. Calculate the remainder when 123 is divided by u(5).
15
Suppose 11*j - 265 + 144 = 0. Calculate the remainder when 571 is divided by j.
10
Let g = 229 + -186. Suppose -4*w + 25 = w + 2*r, 2*w = -2*r + 10. What is the remainder when g is divided by w?
3
Let k = 5001 - 4991. Let i = -28 - -74. What is the remainder when i is divided by k?
6
Let s = 240 + -173. Let i(a) = -a**2 + 39. Let y be i(0). Suppose 0 = 3*m + m - 4*c - 56, -4*c = -3*m + y. What is the remainder when s is divided by m?
16
Suppose -5*q = 5*y - 145, q - 3*y + 7 = 20. Calculate the remainder when 89 is divided by q.
14
Let f be (2/(-2))/(2/(-123 + 1)). Suppose l - f = -57. Let y = -5 - -15. Calculate the remainder when y is divided by l.
2
Suppose 2*w - 2 = 58. Suppose a = -4*a - 4*n + 41, -2*a + 16 = 2*n. Calculate the remainder when w is divided by a.
3
Let i = -22 + 40. Suppose 15*a = 10*a - 15, -2*u + a = -7. What is the remainder when i is divided by u?
0
Let j be (-1 - (-81)/(-3)) + -1. Let g = -27 - j. What is the remainder when g is divided by 1?
0
Let t be (-16)/(-6)*(-18)/8. Let h = t + 32. Suppose 0 = i - 2*i + 14. What is the remainder when h is divided by i?
12
Let f be 2/(-5) + 60/25. Suppose -f*d - 3*t = -39, -2*d - 2*t = -3*d + 23. What is the remainder when d is divided by 11?
10
Let c = 2847 + -929. Calculate the remainder when c is divided by 24.
22
Suppose y = 3*u - 4*y - 208, 0 = -u + 5*y + 86. Suppose 2 = 2*c - 36. Calculate the remainder when u is divided by c - (-1 + -1 - -5).
13
Let u(k) = 8*k**2 - 2*k. Let l be u(-2). Let w = l + -24. Suppose a + 3*n = 16, 3*n + 32 = a - 2*n. What is the remainder when a is divided by w?
10
Suppose 4*o - 160 = -o. Let m = 7 - -10. What is the remainder when o is divided by m?
15
Let k(q) = 5*q + 25. What is the remainder when 1720/30 + (-2)/(-3) is divided by k(-3)?
8
Let p = 63 - 63. Suppose p = 6*m - 3*m + 2*b - 47, -4*m + 58 = -2*b. Calculate the remainder when 119 is divided by m.
14
Suppose 3*d - 6 + 0 = 0. Suppose 8 = 3*s - 4*s. Let k = s - -13. Calculate the remainder when k is divided by d.
1
Let w(o) = o**3 - 10*o**2 + 16*o + 3. Let l be w(8). Suppose z - 2*c = 52 + 13, -l*c - 297 = -5*z. Calculate the remainder when z is divided by 30.
27
Let l = -2218 + 3764. What is the remainder when l is divided by 36?
34
Suppose -34*d = -9*d - 650. What is the remainder when 178 is divided by d?
22
What is the remainder when 47 is divided by ((-20)/40)/(3/(-144))?
23
Suppose 4*p - 132 = 2*i + 666, -2*i = p - 202. What is the remainder when p is divided by 106?
94
Let u(l) be the second derivative of l**3 - 5*l**2 + 2*l. Let h be 2 + -5 - (-33)/(3 + 0). What is the remainder when u(h) is divided by 20?
18
Suppose 0 = 3*w + 5*o - 32, -w - 6*o = -2*o - 6. Suppose -6*y + w = -52. Calculate the remainder when 31 is divided by y.
9
Let y(c) = c**2 - 8*c + 8. Let n be y(8). Suppose j + n + 10 = z, -3*j + 50 = 5*z. Calculate the remainder when 101 is divided by z.
10
Let y = -639 - -667. What is the remainder when y is divided by 7?
0
Let i = -2 - -5. Suppose -4*k + k - 42 = -i*w, -5*k - 31 = -2*w. What is the remainder when w is divided by (-1960)/1715 + (-72)/(-14)?
1
Suppose -3*b + 3*w = b + 21, -5*b + 4*w - 27 = 0. Calculate the remainder when 38 is divided by (-8)/b*63/12.
10
What is the remainder when (66/(-12))/(358/(-356) + 1) is divided by 28?
27
Suppose 5*f = 2*w - 295, -48*f = -5*w - 47*f + 749. Calculate the remainder when w is divided by 141.
9
Suppose -4*v + 113 = -5*t, 0 = 4*v + 3*t - 27 - 78. Calculate the remainder when v is divided by 20.
7
Suppose 5 = -0*k + 5*k. Suppose 4*s = g - 8, -g - 5*s - k = -0. What is the remainder when 19 is divided by -5*g/(0 - 4)?
4
Let q = -247 + 267. Let x(m) = -3*m**3 + m. Let l be x(-1). What is the remainder when q is divided by 21*(l/(-3))/(-2)?
6
Let h = 75 - 40. Let n = h - 22. What is the remainder when n is divided by 2?
1
Let i = -35 - -51. Calculate the remainder when 49 is divided by i.
1
Let v = -54 + 62. Let q(k) = -k**3 + k**2 + k - 5. Let b be q(0). Let l = 18 + b. Calculate the remainder when l is divided by v.
5
Let d = -5 + 19. Suppose 8*a - 9*a = -23. Calculate the remainder when a is divided by d.
9
Let d(g) = -g**3 + 6*g**2 + 7*g + 2. Let m be d(6). Let v = m + -26. What is the remainder when v is divided by 4?
2
What is the remainder when 11 is divided by (-6 + (-51)/(-9))*(-1 + -23)?
3
Suppose 4*t - 3*t - 9 = 0. Suppose 6*j + 179 = 281. What is the remainder when j is divided by t?
8
Let y = 893 - 852. What is the remainder when 78 is divided by y?
37
What is the remainder when 139 is divided by (-2 - (-34 + -12)) + 7?
37
Let p = 52 + -27. What is the remainder when (-168)/(-15) - 72/(-40) is divided by 43/5 + (-15)/p?
5
Let w = -66 + 183. Suppose -5*y = -6*y + w. What is the remainder when (y/12 + 1)*4 is divided by 11?
10
Let d = -3 + 11. What is the remainder when ((-358086)/703)/(-6) + 2/19 is divided by d?
5
Let t(y) = y**2 - 4*y - 4. Suppose -4*n = 2*m - 7*m - 125, -m - 5 = 0. Suppose -2*c - n = 3*c. What is the remainder when t(c) is divided by 11?
8
Suppose 0 = 5*f - 5*i - 205, -2*i - 41 = 3*f - 4*f. Suppose 221*l = 225*l - 640. Calculate the remainder when l is divided by f.
37
Let d be 10/25 + 3*(-84)/(-45). What is the remainder when 935/10 - (-3)/d is divided by 24?
22
Let i be (-50)/(-18) + ((-4)/18)/(-1). Suppose 0 = -i*r + 4*u + 241, 0 = -4*r - 4*u + 112 + 228. Calculate the remainder when r is divided by 30.
23
Let m = -28 - -39. Calculate the remainder when -1 + (-1)/(-1 + 2) + m is divided by 5.
4
Let a be 15/4 + 4/16. Suppose a*w + 5*y - 16 = 1, 3*w + 2*y = 11. Suppose 5 = w*i - 2*i. Calculate the remainder when 12 is divided by i.
2
Suppose -25*q - 64 = -489. Suppose 2*a - 327 = -3*o - a, 5*a = 4*o - 391. What is the remainder when o/4*10/4 is divided by q?
14
What is the remainder when (-8)/(-68) - (-812)/34 is divided by 16?
8
Suppose 4*q + 182 = 5*l, -5*l + 192 = -11*q + 12*q. Calculate the remainder when l is divided by 15.
8
Let t(m) = m**3 - 4*m**2 + 2*m + 3. Let f = -10 + 13. Let n be t(f). Suppose -5*c + 16 + 19 = n. Calculate the remainder when 11 is divided by c.
4
Suppose 0 = 2*h - 2*t - 44, t - 20 = 3*h - 4*h. Suppose 4*w + 7 + h = 0. Calculate the remainder when (-430)/(w - -2) - -1 is divided by 22.
21
Let k = -41 + 78. Let m(h) = h**3 - 4*h**2 - 5*h. Let d be m(4). Let t = d + k. Calculate the remainder when t is divided by 5.
2
Let w = 24 + -24. Suppose 108 = 5*p + z, 4*p + 4*z = -w*z + 96. Suppose 4*u - p - 23 = 0. What is the remainder when 20 is divided by u?
9
Let v = -69 - -15. Let y = -30 - v. Let s = -19 + y. What is the remainder when 11 is divided by s?
1
Calculate the remainder when 288 is divided by (13